2*w + 8 = -4*z, 0*z + 2*w = z - 8. Let h = z + 1. Is (h - -85) + (-12)/3 a prime number?
False
Suppose 0 = 4*f - 4*w - 16, 10*w + 4 = -3*f + 5*w. Suppose -n - f*g + g + 216 = 0, -201 = -n + 2*g. Is n a composite number?
False
Let j(b) = 2678*b + 51. Is j(5) a composite number?
False
Let m = -94 + 93. Let d(h) = -78*h - 4. Is d(m) a composite number?
True
Is 3729/6 + 6/4 prime?
False
Let x(o) = -15*o - 65. Is x(-12) composite?
True
Let k be 7/(-21) - (-43)/3. Let m(a) = k*a - 1 + 1 + 9. Is m(8) a composite number?
True
Suppose 2*q + 100 = -2*q. Suppose 4*u - 147 = -4*x - 19, 2*x - 5*u - 78 = 0. Let m = x - q. Is m a composite number?
False
Let w be (-9)/(6/2) - -9. Let g = -2 + w. Is ((-249)/6)/(g/(-8)) a composite number?
False
Let d(k) = -4064*k - 105. Is d(-7) a prime number?
False
Let j(h) = h**2 - 12*h - 9. Let v be j(13). Suppose 2*b = 2*z - 6, -b = -v*b + 4*z - 6. Is 862/6 - (-4)/b composite?
True
Suppose -5 + 5 = p. Is (-2)/(-5) - (p + (-12939)/15) composite?
False
Suppose 3*a + 5 = m - 2*a, -4*m + 4*a = -20. Suppose 3*c = 4*f + 1013, 0*c + m*c - f - 1660 = 0. Is c a composite number?
False
Let z be 56*(-3 + (-99)/(-21)). Suppose 5*l - 926 = -z. Suppose -39 = i - l. Is i a composite number?
False
Suppose 4*m + 2191 = 3*y, 4*m - 2*y = -4*y - 2186. Let c = m - -878. Is c composite?
False
Suppose -4*k + 0*k - 1184 = 0. Let f = -22 - k. Suppose -f + 757 = 3*m. Is m composite?
True
Let m = -20 + 23. Suppose 5*t - 3*f - 420 = 0, -3*t - 5*f - 187 = -5*t. Suppose t + 150 = m*s. Is s a composite number?
True
Let n = 27 - 9. Is 7150/n + (-4)/18 prime?
True
Let g(f) = -f**2 - 19*f - 10. Let m be g(-19). Let b(j) be the first derivative of j**4/4 + 3*j**3 - 6*j**2 - 10*j + 1. Is b(m) prime?
False
Let t = 3746 - 2157. Is t composite?
True
Let v(x) = -3*x - 7. Let w be v(-4). Suppose -w*c = -302 - 313. Is c composite?
True
Let f(h) = 5*h + 4. Let s be f(-4). Let z = 14 + s. Is (-1 - z)/((-5)/(-955)) a prime number?
True
Let o(g) = -g**2 + 6*g - 12. Let s be o(3). Let i(f) = -43*f**3 - 2*f**2 - 3*f - 1. Is i(s) a composite number?
False
Suppose -n = -4*m + 2, 4*m - 19 = 5*n + 7. Is n/(-18) - 3632/(-3) composite?
True
Let w(t) = 2*t + 41. Let v be w(-22). Let p(s) = -13*s**3 - s**2 + 8*s + 5. Is p(v) composite?
True
Let v = -1649 + 3666. Is v prime?
True
Suppose 11*t + 9631 = 65258. Is t a prime number?
False
Let j = -15 + 19. Suppose 3*y + j*y - 1246 = 0. Is y a prime number?
False
Is (-1)/((28/(-26948))/7) composite?
False
Let b be (-1)/4 - (-52)/16. Let y be -4 + 9 - b - 2. Suppose 0 = -3*f - q + 219 + 15, -3*f + 3*q + 246 = y. Is f a composite number?
False
Let o(m) = 16*m**3 + 2*m**2 + 3*m - 2. Let w(b) = 15*b**3 + 2*b**2 + 2*b - 1. Let d(u) = 5*o(u) - 6*w(u). Let q = -80 + 77. Is d(q) composite?
False
Let n(s) = 28*s**2 + 95*s - 42. Is n(-31) composite?
True
Let c be (-118)/4*6/(-1). Let s(j) = -j**3 - 6*j**2 - 4*j + 5. Let w be s(-5). Suppose -3*v = -w*v - c. Is v prime?
True
Let c = 23675 - 10444. Is c a prime number?
False
Is 61811/10 - (-28)/(-280) composite?
True
Let i be 14/(-21) - (-2147)/3. Suppose 3*b - 8101 = -4*n, -3*n + 4684 = 2*b - i. Is b a prime number?
True
Let f(u) = 4*u + 75. Is f(17) a prime number?
False
Let f(j) = 29*j**2 + 2*j - 4. Let w(r) = -59*r**2 - 5*r + 8. Let c(p) = -11*f(p) - 6*w(p). Is c(5) composite?
False
Let i = -89 + 91. Suppose -10035 = -i*g - 7*g. Is g prime?
False
Let k(a) = -60*a + 1. Suppose 0 = 5*p - p - f - 6, 8 = -p + 5*f. Suppose -2*v = p*v + 8. Is k(v) composite?
True
Let x = 10915 + -5186. Is x a composite number?
True
Suppose -2*p - 6 = -5*p, -3*p = -z - 7. Let r(u) = 2*u**2 + u + 2. Let k be r(z). Is (-944 + 0)/(-4) + k composite?
False
Is (26339*(-1)/(-5))/((-103)/(-515)) prime?
True
Suppose 0 = -29*l + 35*l - 17634. Is l prime?
True
Let j = -66 + 64. Let y(k) = -20*k**3 + k**2 + 3*k + 3. Is y(j) a prime number?
False
Let z = 34 + -190. Is 10 - 9 - z/2 a composite number?
False
Is (-30020)/(-10) - (-1 + 2 + 2) a composite number?
False
Let p(j) = 107*j**2 - 39*j - 3. Let s(t) = -53*t**2 + 19*t + 1. Let z(l) = -2*p(l) - 5*s(l). Is z(5) prime?
False
Let o(f) = -7 + 9*f**2 + 10*f**2 - 18*f**2. Let q be o(3). Is (1 - -1) + 475 + q prime?
True
Suppose w = -2, w + 3*w + 2 = -2*j. Suppose -36 = -4*a + 4*r, j*a + 5*r = 4*a - 29. Suppose f + 1497 = 5*h - 474, 774 = 2*h - a*f. Is h prime?
False
Let x(n) = -n**3 - 10*n**2 - 11*n - 10. Let v be x(-9). Suppose -3*m + v = -m. Is (-2)/m - 33915/(-42) a composite number?
True
Suppose 0 = 4*k - 4*q, -5*k + 0*q + 8 = -q. Suppose 0 = -u - r + 70, -3*r = -k*u + 71 + 54. Suppose 5*o - u = 4*o. Is o a prime number?
True
Suppose 176 = p - 2*p. Let l = -99 - p. Is l a prime number?
False
Suppose -509*g + 476*g = -483846. Is g prime?
False
Let k be (0/(2 - -3))/1. Is 0 + 3 + (113 - k) + 2 a prime number?
False
Suppose 4*d + 4*v = 16, v - 13 = -4*d + 3. Suppose -d = -0*t - t. Suppose -1157 = -4*y - 3*g, 0*y = t*y + 4*g - 1152. Is y a composite number?
False
Suppose 2*m + 5*z + 10 = 0, m - 5*z + 5 = -4*z. Is (m - -3)/1 + 113 composite?
True
Let r(k) be the first derivative of -k**4/4 - 22*k**3/3 + 13*k**2 - 26*k - 27. Is r(-24) a prime number?
False
Suppose 0 = -6*n + n - 10, 0 = -3*a - 4*n + 52. Suppose t = -18 + 1. Let s = a - t. Is s a composite number?
False
Suppose 3*z - z + 2 = 0. Let p be (-6)/1*z/2. Is p - (9/(-3) - 77) a prime number?
True
Let w = 3 + 2. Suppose 5*j = u - 365, 2*u - j + 719 = 4*u. Suppose -d + 2*h = -70, 5*d - w*h - u = -0*d. Is d composite?
True
Suppose 3*h = -3*y + 91566, -2*h + 61043 = 12*y - 11*y. Is h a composite number?
True
Let u = 1196 + -549. Is u composite?
False
Let b = 4327 - 2648. Is b a composite number?
True
Let j(r) = 5*r. Let x be j(-2). Let d = x - -28. Let o = d + 1. Is o composite?
False
Suppose 3*j + 211 + 92 = t, 2*t - j - 596 = 0. Let l be t - (4 - 1 - 1). Let u = l + 0. Is u composite?
True
Let u(d) = -3*d - 9. Let t be u(-3). Suppose -5*h - 2*c = -891, t*h + 4*c - 708 = -4*h. Is h a prime number?
True
Suppose -4*o - 3 = -35. Suppose -4*r + o = s - 11, r + 3*s - 2 = 0. Suppose -7 - 3 = -r*k. Is k prime?
True
Suppose 30*j - 138791 = 190399. Is j prime?
True
Let u(m) = -m**2 - 7*m - 9. Let k be u(-6). Let a be k*((-5)/3 - -3). Let t(p) = 10*p**2 - 2*p + 1. Is t(a) a prime number?
False
Suppose -15 - 33 = -2*q. Is (-3014)/(q/(-16)*4/3) prime?
False
Suppose 0 = -5*a - 20*u + 21*u + 313297, u + 2 = 0. Is a a prime number?
True
Let q(p) = 39*p**3 - 19*p**2 + 59*p - 1. Is q(4) a prime number?
False
Suppose -a + z - 1 = -2*z, 0 = a + 3*z - 5. Suppose -a*s + 2269 = -805. Is s a prime number?
False
Let n(r) = -r**3 + 7*r + 9. Let o be n(-2). Suppose -o*i + 4775 = 4*j, -2106 - 1076 = -2*i - 2*j. Is i a composite number?
True
Suppose 32295 = 3*a + 3*d, 5*a - 9*d - 53807 = -8*d. Is a prime?
False
Let w = 2 - 4. Let m be ((-251)/w)/(2/(-4)). Let d = m - -508. Is d a composite number?
False
Let v be (-12 - 0)*1/(-3). Suppose 3 = -v*n + 7. Is (2/(-4))/(n/(-166)) composite?
False
Let s be (72/(-20))/(2/(-5)). Suppose d + 4 = 0, 6*h - 4*h - 208 = -3*d. Let o = h + s. Is o composite?
True
Suppose -48*f + 40*f = -71480. Is f a composite number?
True
Is (-8)/(-12)*(-4 + (-58259)/(-2)) composite?
False
Suppose 76*b - 91007 = 69*b. Is b a composite number?
False
Let u = 103 + -96. Suppose u*q - 974 - 363 = 0. Is q composite?
False
Let x be 1032/(-9) + 3/(-9). Let m be x/(-35) + 6/(-21). Is (36/m)/(0 - -2) prime?
False
Let j(o) = -3*o + 23. Let s be j(6). Suppose 5*m - 25 = 0, 5*m - 693 = h - s*h. Is h a composite number?
False
Is (-961422)/99*6/(-4) prime?
False
Let i be (-4)/(-3) - (-18)/27. Let n = 2 + -2. Suppose -4*k + i*h + n*h + 16 = 0, -8 = -2*k + 3*h. Is k a composite number?
True
Suppose v - 2 + 0 = 0. Suppose 0 = -v*a - 2*g + 196, 161 = a + a - 5*g. Is a prime?
False
Suppose 12 = -u - 5*m, -5*u + 3*m = -16 - 8. Suppose -4*c + 757 = 3*z, 0 = 12*z - 10*z - 3*c - 516. Suppose -z = -8*b + u*b. Is b a prime number?
False
Let v = 19 + -3. Let j = v + -14. Suppose 0 = -j*o + 1279 + 1443. Is o prime?
True
Let l be 0/2 + -6 + 26 - 2. Let z(i) = i**2 - 13*i - 7. Is z(l) prime?
True
Let o be (-1)/(4/(16*3)). Let g(j) = j**3 + 14*j**2 + 10*j - 2. Let l be g(o). Suppose l = 4*b - 246. Is b composite?
False
Suppose -4*i - 3*l - 11345 = -9*i, 5*l =